 - 5. Let b be r(p). Suppose -b*a - 4*h - 90 = -3*a, 0 = 3*a + 5*h - 185. What are the prime factors of a?
2, 5, 7
Let b(h) = h**3 + 34*h**2 + 127*h. List the prime factors of b(-29).
2, 3, 29
Let w = -15873 - -48656. What are the prime factors of w?
32783
Suppose 4*o = 3*o - 6. Let y be -12*(-4 + (-4)/o). List the prime factors of ((-5)/2)/((-6 + 1)/y).
2, 5
Let a be -2*21/14*-1*13. What are the prime factors of (-4 - a/(-9))/(7/1869)?
89
Let n(l) = 41*l**3 + l**2 - 7. Let b be n(3). Let h = b - 789. List the prime factors of h.
2, 5
Let s(z) be the first derivative of z**4/4 + 8*z**3 + 11*z**2/2 - 15*z - 721. Let g be 2*(-2)/(8/46). What are the prime factors of s(g)?
3, 29
Suppose -99*n + 46*n + 114869 = -24*n. List the prime factors of n.
17, 233
Let b(l) = 2662*l**3 - 21*l**2 + 40*l + 9. List the prime factors of b(2).
7, 17, 179
Let w = -2702 - -1549. Let q = -677 - w. What are the prime factors of q?
2, 7, 17
Let m be (6 + 2445)*(2 + 2 + -5). Let p = 4267 + m. What are the prime factors of p?
2, 227
Let o(q) be the first derivative of 17/2*q**2 + 2/3*q**3 + 31*q + 4. What are the prime factors of o(-10)?
61
Let o be ((-3 + -11)*1)/(0 - -1). Let y(n) = -n**3 - 12*n**2 - 2. Let k be y(o). Suppose 49*f + k = 51*f. List the prime factors of f.
3, 5, 13
Let a(z) = -6*z**2 + 13*z**2 - 10 - 25*z - 5*z**2. Let h be a(13). List the prime factors of 49*3 + 4 + h/(-3).
2, 3, 5
Let i = 36 + -31. Suppose -p + 979 = 3*d, -4*d + i*p = -2*d - 630. List the prime factors of d.
5, 13
Suppose 3*d + 16580 = -5*b, 8*d = 4*b + 10*d + 13262. Let h = b + 4937. What are the prime factors of h?
2, 7, 29
Let h(y) = -3*y**3 + y**2 - 1. Let p be h(-1). Suppose 0 = -p*i - 5*l + 217, 4*i - 7*i + 202 = 2*l. Let c = i - 25. What are the prime factors of c?
3, 13
Let l(j) = 1302*j**2 - 6*j - 10. Let b be l(-2). Suppose b = 12*f - 9886. List the prime factors of f.
2, 17, 37
Let w(d) = d**2 - 3*d - 2. Let g be -1 + 5/5 + 5. Let h be w(g). Suppose -i = p - 47, 3*p + h*i = 3*i + 141. What are the prime factors of p?
47
Let k = -316 + -305. Let i = k + 1601. What are the prime factors of i?
2, 5, 7
Let o be 0/((-2)/(-4 - -2)). Let a(b) = b**3 - b + 172. Let r be a(o). Suppose 2*u - r = -44. List the prime factors of u.
2
Let a(s) = -10*s - 5. Let m be a(-2). Suppose 3*t - l = 5 + 20, t + m = 5*l. List the prime factors of t.
2, 5
Suppose -4*d - 22 = -2*h, -2*h + 2*d + 16 = -0*h. Suppose -h*p = -5*t - 45, -t - 5*p - 9 + 30 = 0. List the prime factors of ((-2)/t)/((-460)/464 + 1).
2, 29
Let d = -32 + -43. Suppose -2*v = -5*i + 47, v + 74 = -2*v + 4*i. Let w = v - d. What are the prime factors of w?
7
Let p(j) = 996*j + 1953. What are the prime factors of p(4)?
3, 1979
Let p = -355 + 358. Suppose p*n + 2713 = 5*s, -n - 543 = 12*s - 13*s. What are the prime factors of s?
2, 271
Let r(g) = -275*g - 608. List the prime factors of r(-17).
7, 83
Suppose -6916749 = -214*f + 3402973. What are the prime factors of f?
7, 83
Let r(y) = y**2 + 14*y - 88. Let i be r(-19). Suppose -819 = -i*u - 7. List the prime factors of u.
2, 29
Let x = -1126 - -7716. List the prime factors of x.
2, 5, 659
Suppose 3*y = 3*r + 67230, -y + 22260 + 156 = r. What are the prime factors of y?
3, 31, 241
Let d = -15789 - -38321. List the prime factors of d.
2, 43, 131
Suppose 2*s = -s + 9. Let h(f) = -7 - 3989*f**2 - 4004*f**2 + 8016*f**2. What are the prime factors of h(s)?
2, 5
Suppose -5*i = -5*c + 106065, 26*i = 5*c + 24*i - 106050. List the prime factors of c.
2, 11, 241
Suppose 365351 = 20*s + 57631. What are the prime factors of s?
2, 7, 157
Let i be 5 + (-1 - (-4)/4). Suppose -q = -3*q - 2*n, n = -i*q + 20. What are the prime factors of (-247)/(-5) + (-2)/q?
7
Suppose 5*u + 3*g - 11630 = 29612, 3*u = -g + 24742. List the prime factors of u.
2, 7, 19, 31
Suppose -5708 - 2327 = -s + 5*b, -3*b + 24105 = 3*s. What are the prime factors of s?
5, 1607
Suppose -3*z - 739 = -4*s, 0 = 5*s - 5*z + 10*z - 915. Let h = s - -25. List the prime factors of h.
11, 19
Let n be ((-6)/45)/((-3)/(-15))*-6. Suppose -6*m + 2*m - 12 = n*z, m = -5*z - 31. Let f = 83 - z. List the prime factors of f.
2, 3, 5
Let u(y) = -2*y + 11 + 0*y + 28 - 10. Let d be u(13). Suppose -3*h + 23 = -4*c - 54, 0 = -d*h + c + 71. What are the prime factors of h?
23
Suppose 3*o + 5*x = -21, -4*o - 4*x + 60 = -8*o. Let q(v) = v**2 + 11*v + 53. What are the prime factors of q(o)?
5, 13
Suppose -80*r + 127*r - 147560 = 182286. What are the prime factors of r?
2, 11, 29
Suppose 37634 = 4*u - 2*w, 5*u - 53195 = 5*w - 6170. List the prime factors of u.
2, 13, 181
Suppose 7*b - 3*h = 100852 + 151845, -2*b = 4*h - 72238. List the prime factors of b.
79, 457
Suppose 20*b = 46552 + 70148. List the prime factors of b.
3, 5, 389
Let h(b) = 18690*b**2 - 17*b + 15. List the prime factors of h(1).
2, 73
Let n(f) be the first derivative of -f**2/2 + 64*f - 158. Let m be ((-128)/(-24))/((-4)/(-6)). List the prime factors of n(m).
2, 7
Suppose -60298 = -4*f + 2*h, 3*f - 2*h + 4*h = 45213. List the prime factors of f.
15073
Suppose -3*r - 3 = -2*r. Let g be 649/r + 7/(42/(-4)). Let z = g + 338. List the prime factors of z.
11
Suppose 4*j - 3*p - 80 = 0, -3*j - 3*p + 36 = -3. Suppose -10834 = -j*v + 3191. What are the prime factors of v?
3, 5, 11
Let n(y) = 49 - 13 - 12 + 14*y**2 + 1 - 12. What are the prime factors of n(6)?
11, 47
Suppose 4*f - 24*i - 107154 = -21*i, -133939 = -5*f + 2*i. What are the prime factors of f?
3, 8929
List the prime factors of (798/(-190))/(1/(-1645)).
3, 7, 47
Let j(u) = -8*u + 3*u**3 - 4*u**3 - 67*u**2 + 4 + 108*u**2 - 53*u**2. Let z be (-1 - 0)/((1/(-13))/(-1)). List the prime factors of j(z).
277
Suppose 6*g - 102362 = 5*y + 57054, -g - 5*y + 26581 = 0. What are the prime factors of g?
3, 17, 521
What are the prime factors of (10/4)/((-670)/(-4999473)*6/16)?
2, 3, 8291
Suppose -72*q + 1334262 = 134*q. List the prime factors of q.
3, 17, 127
Let v(t) = -826*t + 7962. List the prime factors of v(-10).
2, 8111
Let u = 22966 + -13557. List the prime factors of u.
97
Let r(g) = g**3 + 17*g**2 + 28*g - 78. Let h be r(-13). What are the prime factors of h*6/((-138)/48 + 4)?
2, 3, 13
Suppose h - 14 = 3*h. Let o(j) = -51*j + 8. Let b be o(h). Suppose b = 3*q - p, -60 - 59 = -q - p. List the prime factors of q.
11
Let g = 545 - 812. Let p = g + 171. Let l = 172 + p. List the prime factors of l.
2, 19
Let z(l) = -2*l**3 + 7*l + 8. Let u(y) = -y**3 + y. Let i(g) = -u(g) + z(g). Let r be i(-3). Suppose 278 - r = 3*b. List the prime factors of b.
3, 29
Suppose -9*d = -10*d + 136. Let w = d - 27. Let n = 67 + w. List the prime factors of n.
2, 11
Suppose 2*o = o - 4*q - 15, 4*o = -3*q + 5. Let a be (-8160)/(-21) - (-15)/35. Suppose -o*z = x - 570, -3*z + x + a = 47. What are the prime factors of z?
2, 3, 19
Let o(t) = 186*t - 11. Let s(n) = 371*n - 23. Let z(k) = 7*o(k) - 3*s(k). What are the prime factors of z(2)?
2, 5, 37
Suppose -13*g = -18*g + 70. Suppose -7*z + g*z - 182 = 0. Suppose 0 = -21*p + z*p - 920. What are the prime factors of p?
2, 23
Suppose -5*d - 2*j - 3*j = -70, 5*j - 34 = -3*d. Let l = d + -115. Let p = 137 + l. What are the prime factors of p?
2, 5
List the prime factors of 5452 - 19/((-209)/(-22)).
2, 5, 109
Let s(w) = -w**3 + 5*w**2 + 12*w - 11. Let y(t) = -2*t**3 + 4*t**2 + 12*t - 12. Let v(n) = -3*s(n) + 2*y(n). What are the prime factors of v(-10)?
3, 11, 13
Suppose -1992456 = 63*s - 135*s. List the prime factors of s.
27673
Let j(v) be the second derivative of -v**5/20 - v**4/4 + v**3/6 + 5*v**2 - 2*v + 3. What are the prime factors of j(-12)?
2, 647
Let a be (2/4 - 0)*0. Suppose a = 2*q + 2*q - 20. Suppose 5*w - 244 = u, w = 3*w - q*u - 116. List the prime factors of w.
2, 3
Let i = 342 - -58. Let f = 265 + i. What are the prime factors of f?
5, 7, 19
Let g(n) = -1148*n - 5127. List the prime factors of g(-59).
5, 19, 659
Let b = 73963 - 35664. List the prime factors of b.
38299
Let y(i) = 6*i**3 + 5*i**2 + 16115. What are the prime factors of y(0)?
5, 11, 293
Suppose 2*s = -4*m - 6, s = 4*s - 3*m + 36. Let i(y) = -31*y + 20. What are the prime factors of i(s)?
13, 23
Let s = 47776 + -29685. List the prime factors of s.
79, 229
Let u = -129 + 128. Let y be (-281*1/2)/(u/2). Suppose -1111 = -8*f + y. List the prime fa